*3 + 9*d**2 + 5*d + 3. Let t(l) = -b(l) + 5*m(l). What are the prime factors of t(-1)?
421
Let f(v) = 3*v**2 - 36*v - 2. Let l be f(10). Let m = 73 + l. What are the prime factors of m?
11
Let f(m) = -498*m - 1241. What are the prime factors of f(-39)?
18181
Suppose -4*y - 887 = -3*i, 2*i - 681 = 3*y + 5*i. List the prime factors of 64/y + (-254)/(-7).
2, 3
What are the prime factors of (8571130/(-2895))/(((-2)/(-3))/(-2))?
2, 4441
Let v(p) = -p**2 + 8*p + 3. Let k be v(6). Suppose -o - 28 = -k*o. Suppose -3*j + 325 = o*w, 2*w - 133 = 2*j - 333. List the prime factors of j.
3, 5, 7
Let n be (2/(-5))/((70/25)/14). Let u(t) be the first derivative of 25*t**3/3 - 2*t**2 - 7*t + 1. List the prime factors of u(n).
101
Let a = 8262 + -5771. List the prime factors of a.
47, 53
Let b be (-9)/(-15) - (-67)/5. Suppose -12*g - 4 = -b*g. Suppose g*n - 10*n = -368. List the prime factors of n.
2, 23
Suppose -25*j + 10*j = -97860. List the prime factors of j.
2, 7, 233
Let q be ((-16)/88 - 21/66)*8. Let p(g) = -4*g**3 + 6*g**2 + 10*g - 4. List the prime factors of p(q).
2, 7, 11
Let k(w) = 10416*w - 1095. What are the prime factors of k(3)?
3, 19, 23
Let x(k) = -62*k + 12. Let b be 5 + -1 - (7 + (-6 - 2)). Suppose -3*i + 3 = -8*i - z, b*z - 10 = 0. List the prime factors of x(i).
2, 37
Suppose 237*t = -2*z + 236*t + 110067, -t = -3*z + 165093. List the prime factors of z.
2, 3, 2293
Suppose 0 = -3*c + 1573 - 487. Suppose c = 2*q + 10. List the prime factors of q.
2, 11
Suppose 0 = 138*c - 153*c + 46005. Let r = c - 2174. List the prime factors of r.
19, 47
Suppose -v + 540 = -5*v + 2*r, -2*v - 4*r - 250 = 0. Let g = 305 + -135. Let o = g + v. What are the prime factors of o?
37
Let s(r) be the third derivative of -2*r**4 - r**3/2 + 11*r**2 + r. What are the prime factors of s(-3)?
3, 47
Suppose 3*a - 177765 + 51721 = 5*i, -a + 3*i = -42020. List the prime factors of a.
2, 59, 89
Suppose 4*y + 5*u = 30635, -141*y + 143*y + 5*u - 15325 = 0. List the prime factors of y.
5, 1531
Suppose 7130 = -5*j + 28340. List the prime factors of j.
2, 3, 7, 101
Let q be 13/4 - (-2)/(-8). Let a be (1/q)/(1/15). Suppose 3*v + 436 = a*m, -2*m + v + 166 = 4*v. What are the prime factors of m?
2, 43
Let q be ((-88)/(-66))/((-4)/(-6))*1. Suppose 3*r = 4*l - 649, q*r - 176 = l - 2*l. What are the prime factors of l?
2, 83
Let g(m) be the third derivative of -m**5/15 + 31*m**4/8 - 5*m**3/3 + 128*m**2. List the prime factors of g(22).
2, 5
Let r = -45 - -44. List the prime factors of (-1659)/(-12) - (-3)/12*r.
2, 3, 23
Let o = -42173 + 96891. List the prime factors of o.
2, 109, 251
Let l(w) = w**2 - 12*w + 11. Let c be l(13). Suppose 2*f - g = 1654, 0 = -3*f + c*g - 20*g + 2486. What are the prime factors of f?
2, 7, 59
Suppose -3*z = v + 349, 3*z = 4*z - 4*v + 138. List the prime factors of (-6)/4 - 77349/z.
2, 3, 109
Let j be (0 + 1/1)/(3/(-6)). Let k be (37 - j)/(3/(-2)). Let g = k + 77. List the prime factors of g.
3, 17
Let v(d) = 3*d**2 - 19. Let l be v(-5). Let h = 62 - l. Let u(a) = 2*a**2 - a - 6. List the prime factors of u(h).
2, 3, 5
Let k = 29 + -39. Let l = k + -9. Let p = l + 30. List the prime factors of p.
11
Suppose -1746 = -35*v - 31. List the prime factors of -7*7/(v/(-447)).
3, 149
Let g be (1 - 4) + (-10)/(-2). Suppose -g*t + 712 = -4*d, -2*t - 4*d + 5*d = -703. What are the prime factors of t?
2, 5, 7
Let l(b) be the second derivative of b**4/2 + 2*b**3/3 + 13*b**2/2 + 19*b. List the prime factors of l(-6).
5, 41
Suppose 0 = -4*h - 4*g - 5096, -2*g = -2*h - 0*g - 2556. Let k = -726 - h. List the prime factors of k.
2, 5, 11
Let h = -511 - 202. Let f = h - -759. List the prime factors of f.
2, 23
Suppose -p - 2 = -n, -3*p + 7 + 23 = 3*n. Let k(z) be the first derivative of 7*z**2 - 18*z - 263. List the prime factors of k(n).
2, 3, 11
Let u be 123/(((-2)/(-4))/((-3)/6)). Let m = -59 - u. List the prime factors of m.
2
Let p = 126 + -63. Let a = -66 + p. What are the prime factors of 1160/15 + (-2)/a?
2, 3, 13
List the prime factors of (-1465709)/(-77) + (-2)/((-60 - -5)/(-5)).
3, 5, 47
Suppose -1066 - 926 = 12*j. Let h = 242 - j. List the prime factors of h.
2, 3, 17
Let w(c) = -21*c + 4. Let k(r) = -r + 7. Let b be k(0). Suppose d = -4*y - 2, -4*d - b = -2*d + 5*y. What are the prime factors of w(d)?
2, 5, 13
Suppose -2*d + 16*b = 21*b + 1577, -2*b = -d - 775. Let l = 1440 + d. List the prime factors of l.
659
Suppose -113*w - 68051 + 216211 = -93*w. List the prime factors of w.
2, 463
Suppose -2*v + 2*o = 115588 - 291454, 5*v = -2*o + 439693. List the prime factors of (-1)/2 + v/94.
5, 11, 17
Suppose 58*z = 62*z - 16. List the prime factors of (118/(-8) - z)*-4.
3, 5
Let f(k) = -8*k + 15*k + 1 - k - 2*k. Let c = -25 - -37. List the prime factors of f(c).
7
Let h be (3/4)/((-2)/(-48)). Let f = -1961 - -1965. Suppose f*o - 230 = -h. What are the prime factors of o?
53
Let z(v) = -14*v**2 + 7*v + 1. Let a(y) = 7*y**2 - 4*y - 1. Let p(d) = 5*a(d) + 3*z(d). Let o be p(1). List the prime factors of (5 + o)/((-6)/184).
2, 23
Let d(x) = x**2 + 13*x + 26. Let r be d(-11). Suppose -h - 5*o - 13 = 40, r*h + 227 = -5*o. Let c = 248 + h. List the prime factors of c.
2, 5, 19
Let a = -374 + 361. Let h(t) = -25*t + 152. What are the prime factors of h(a)?
3, 53
Suppose 0 = -5*p - 28 + 38. Let b(a) = -8*a**2 - p*a**3 - 47 - 5*a + a**2 + 52. What are the prime factors of b(-4)?
41
Suppose r - 3*t - 109 = 0, 2*r + 2*t + 198 = 4*r. Suppose -5*w + 4 + 6 = 0. Let f = w + r. List the prime factors of f.
2, 3
Suppose 59*r - 1173126 = 2676270. List the prime factors of r.
2, 3, 5437
Let i be (3 + -3 + 1)/(2/8). Suppose -y = q - 259, i*q - 9*y + 11*y - 1030 = 0. List the prime factors of q.
2
Suppose 244 = 7*t + 2162. Let i = 812 + t. What are the prime factors of i?
2, 269
Let q = 20991 + -3411. List the prime factors of q.
2, 3, 5, 293
Let a(w) = w**2 + 6*w + 754. What are the prime factors of a(-35)?
29, 61
Suppose 0 = 5*w + 3*z - 2*z + 5, 4*w - z - 5 = 0. Suppose -5*a = -w*h + h - 60, -h = -a - 48. Suppose 0 = 13*m - 8*m - h. List the prime factors of m.
2, 5
Let y(v) = 2*v**3 - 9*v**2 + 14*v + 6. Let c be y(6). Let w = c + -368. Let h = w + 378. What are the prime factors of h?
2, 13
Suppose -54 = -0*g - 6*g. Let c(a) = -a**2 + 9*a + 7. Let d be c(g). Let h(m) = 21*m + 11. List the prime factors of h(d).
2, 79
Let l be (16 - 16)*-2*1/(-4). Suppose -4*n + 1068 + 141 = 5*q, l = -3*n - 12. List the prime factors of q.
5, 7
Let j = -9050 - -14893. List the prime factors of j.
5843
Let j(v) = -4 + 1 + 102*v + 19 - 30*v. Suppose 0 = l - 5*i + 18, -5*l + 29 = 5*i - 1. What are the prime factors of j(l)?
2, 5
Suppose -54*l + 38*l = 0. Suppose l = 19*v - 1869 - 1760. What are the prime factors of v?
191
Let h = -433 - -209. Let t = 1152 + h. What are the prime factors of t?
2, 29
Suppose 600440 = 121*h - 1034204 - 1186350. List the prime factors of h.
2, 11657
Let l be (1 + 1/2)/(3/(-8)). List the prime factors of 366 + 15/20*l.
3, 11
Suppose -d - 189 = 31. What are the prime factors of -5*(-11)/(d/(-1832))?
2, 229
Let m be 49/(-10) - 5/50. Let d(i) = -i**2 - 24*i - 42. What are the prime factors of d(m)?
53
Let k be (-1042)/2 + (2 - -1) + -5. List the prime factors of -1 + 1 + 4 - (105 + k).
2, 211
Suppose 5*j + 1313*l - 114719 = 1316*l, 5*j = l + 114723. List the prime factors of j.
5, 13, 353
Suppose 13*w - 3*s = 17*w - 20037, 5*s = -5*w + 25050. What are the prime factors of w?
3, 1669
Let h be (-6)/(-5)*(1 + -6). Suppose 2*y = -5*u - 7, -u + 5*u - 25 = -5*y. Let v = h + y. List the prime factors of v.
3
Let t(d) = -113*d**2 + 5*d - 11. Let v be t(3). Let m = v + 1425. What are the prime factors of m?
2, 103
Let m = 8741 - 4796. List the prime factors of m.
3, 5, 263
Let n(j) = j + 8. Let u be n(-4). Suppose i + 11 = -5*v, 3*i - 23 = -u*v + 3*v. Suppose -c + 89 + i = 0. What are the prime factors of c?
2, 7
Suppose 5*v + 14*c - 213327 = 17*c, 5*v = 5*c + 213325. List the prime factors of v.
2, 3, 13, 547
Let l(k) = -613*k - 649. List the prime factors of l(-11).
2, 11, 277
Suppose 2*o = -4*s + 147966, 74573 = o - 3*s + 605. List the prime factors of o.
3, 24659
Let r = -615 + 615. Suppose 4 = 3*x + 2*i, -3*i - 2 = -2*x - 4*i. Suppose r = 2*d - x*d - 20. What are the prime factor